-6198. Calculate the greatest common divisor of r and q.
1
Let x be 5171694/11049 - (-4)/(-58). Calculate the highest common factor of 60 and x.
12
Let v be ((-16)/(-10))/((-1)/(-20)). Suppose 28*f + 30*f - 77*f + 836 = 0. Calculate the greatest common divisor of f and v.
4
Suppose k - 12 = -f + 14, -2*k + f = -52. Let c = 37 + 3. Let x be ((-52)/10)/(196/c + -5). Calculate the greatest common divisor of k and x.
26
Let g = 5 + -8. Let u = 300 - 301. Let j be (14 - 4/(u - g))*1. Calculate the greatest common divisor of 3 and j.
3
Suppose -2790 - 4203 = -21*y. Let m(f) = 11*f**2 - 3*f + 1. Let h be m(1). What is the greatest common divisor of h and y?
9
Let t = 7973 - 7933. Calculate the highest common divisor of 4460 and t.
20
Let s be ((-1)/(-3))/((-52)/(-12) - 4). Let r be s/4 + (-871)/(-52). Let t be (55/(-10) - -5) + r/2. What is the greatest common factor of t and 24?
8
Let i be (-117)/(-3) - (1 - 1). Let m(k) = 5*k - 39. Suppose -6*v + 116 = 38. Let o be m(v). What is the greatest common divisor of i and o?
13
Let r be ((56 - 47) + -3 + 1)*1. What is the highest common factor of 1631 and r?
7
Suppose 0 = 2*z - 0*z - 6. Suppose 5*m - 15 = 0, -c = -0*m - m + 11. Let k(t) = -7*t - 35. Let h be k(c). Calculate the greatest common factor of z and h.
3
Let m(h) = 3*h**3 - 16*h**2 + 121*h - 1089. Let r be m(10). What is the greatest common divisor of 54 and r?
9
Suppose 2*v + 790 = -2*n, -6*n + 3*n - 1191 = 5*v. Let k = n - -452. Calculate the highest common factor of 255 and k.
15
Suppose i + 4*i - 4240 = 17920. Calculate the highest common factor of i and 32.
16
Let k = -7089 + 7251. Calculate the highest common divisor of k and 3483.
81
Suppose -8*d - 408 = -12*d. Suppose -d = -4*l + 2*v, -5*l = -0*v - 3*v - 126. Suppose -2*h = -5*h + l. Calculate the greatest common factor of 9 and h.
9
Let c = 71 + 7. Suppose 6*v = 9*v - c. Calculate the greatest common divisor of v and 65.
13
Let l be (18 + -6)*4/8. Suppose 150 - 18 = l*a. What is the highest common divisor of 187 and a?
11
Suppose 21018 + 6216 = 178*z. What is the highest common divisor of z and 3?
3
Suppose -2*t = -10*p + 5*p + 66, -20 = -p - 3*t. Suppose -5*x + 12 = -2*x. Suppose -x*r = -118 - 22. Calculate the highest common divisor of p and r.
7
Let o be 11 + (2 - 6) - -113. What is the highest common divisor of o and 78?
6
Let y be (2 - 4) + 9*1. Suppose -4*j + 32 = 5*w - 357, 0 = -w + j + 76. Calculate the greatest common divisor of w and y.
7
Suppose -5*o + 2*v = -31, -2*o + 0*v + 1 = 3*v. Suppose o*q + h = 5*h + 1992, -3*h - 9 = 0. What is the highest common factor of 12 and q?
12
Let t(m) = m - 5*m + 3*m - m - 24. Let j be t(-18). Suppose j*h - 189 = 5*h. Calculate the highest common factor of 81 and h.
27
Let m(j) = -7*j**3 - 16*j**2 - 28*j + 10. Let r be m(-10). Calculate the highest common factor of r and 10.
10
Let z = 7716 + -7698. Let c(w) = 18*w**2 - 5 - 1 + w + 3*w + 2*w. Let s be c(4). Calculate the greatest common divisor of s and z.
18
Let j(n) = -2*n + 6. Let q be j(12). Let y be (-20)/6*q/10. Let b be 3 + -5*3/(-15). What is the highest common factor of y and b?
2
Suppose 12*v - 7695 = -15*v. Suppose -2*n = -5*j - v, 2*n + 0*n - 281 = j. What is the greatest common divisor of n and 56?
28
Let s be 12/20 + (-261)/(-15). Let r = 16 - s. Let k(m) = -11*m - 9. Let l be k(r). What is the greatest common divisor of 13 and l?
13
Suppose 95*n - 5510 = -35*n + 6320. What is the highest common divisor of n and 377?
13
Let y(a) = a**3 - 14*a**2 + a - 41. Let o be y(14). Let s = 39 + o. Suppose 2*r = -s*r + 168. What is the highest common factor of 28 and r?
4
Suppose 203 + 161 = 7*y. Suppose -c = 12*c - y. Suppose -8*x + 7*x + q = -43, 3*x = c*q + 132. Calculate the highest common factor of x and 20.
20
Let g = -2063 + 2463. Calculate the greatest common divisor of g and 75.
25
Let h = -1814 + 7502. What is the highest common divisor of 36 and h?
36
Let f be 396/(-20)*200/(-60). What is the greatest common factor of 12 and f?
6
Suppose 0 = 17*h - 18*h + 583. Let o be 3 + (-99)/30 - 25512/(-240). Calculate the highest common factor of h and o.
53
Suppose -55 = -9*a + 179 - 36. Suppose 3*v - 1 = 4*v. Let w be -154*v/2*1. Calculate the greatest common factor of a and w.
11
Let z = -79 - -76. Let l(s) = -s**3 + s**2 + 11*s + 5. Let h be l(z). Let g(d) = 20*d - 25. Let k be g(h). Calculate the greatest common factor of 45 and k.
45
Let u = 347791 - 347743. Let h = 35 + 1. What is the highest common factor of h and u?
12
Suppose 89 = q + 29. Let n = 6145 - 6070. Calculate the highest common divisor of q and n.
15
Suppose u + 47*u - 7775 = 20209. What is the greatest common divisor of u and 99?
11
Let d(z) = -3*z + 72. Let h be d(11). Let a(t) = -t**2 + 39*t + 12. Let g be a(h). Calculate the greatest common divisor of g and 48.
12
Suppose -5*s - 51 = 24. Let k = s + 12. Let a = k - -16. What is the greatest common factor of a and 65?
13
Let h be 6 + (0 + -5 - -2). Suppose 0 = -h*v - d + 68, -4*v - 2*d = 49 - 143. Let j = -139 + 307. Calculate the greatest common divisor of v and j.
21
Let u(o) = 2*o**2 - 38*o + 20. Let a be u(29). Let y be (3 + 1)/(a/66 - 9). What is the highest common factor of 44 and y?
44
Let k(n) = 16*n + 366. Let q(h) = h - 21. Let r be q(3). Let t be k(r). Calculate the highest common divisor of 273 and t.
39
Let d = 18 - 43. Let i be 0 - (d - -2 - 3). Suppose v = 4*l - 205, -2*l = -2*v + v - 101. Calculate the greatest common factor of i and l.
26
Let d(n) = -3*n**3 - 5*n**2 + 7*n - 1. Let w be d(-6). Calculate the highest common divisor of 68 and w.
17
Let u be 384/(-5)*(123/(-10) - (-4)/(-20)). Calculate the highest common factor of u and 14080.
320
Suppose -x - z + 23 = -2*z, 0 = -4*x - 3*z + 127. Suppose -x*r - 55 = -33*r. Suppose -r*l + 16 = 5*l. Calculate the highest common factor of 1 and l.
1
Suppose -5*c = 4*u - 10220, -3*c + 7*c - 2*u = 8150. Suppose -1150*k = -1144*k - c. What is the greatest common divisor of 40 and k?
20
Let g be ((-3 + 3)/1)/2. Suppose 5*j - 29 - 31 = g. What is the greatest common divisor of j and 192?
12
Let k(v) = -2*v**3 + 368*v**2 - 1084*v - 339. Let g be k(181). What is the greatest common factor of g and 9062?
23
Let d = -815 + 12277. Let n be d/77 - 6/7. Calculate the greatest common factor of 518 and n.
74
Suppose -191*q + 1421 + 290 = -1345. What is the highest common factor of q and 27008?
16
Let o = 1827 + -639. Suppose o = -25*c + 29*c - 4*l, 3*l + 1191 = 4*c. What is the highest common divisor of 60 and c?
60
Let o(k) = k**2 - 30*k + 167. Let b be o(7). Calculate the greatest common factor of 60 and b.
6
Suppose 60*g + 2375 = 79*g. Suppose -15*d + 4*d + 825 = 0. Calculate the greatest common factor of g and d.
25
Let i be (-4)/(-6) + (-7126)/(-21). Suppose 0 = 2*l - 4*l + t + i, -5*t + 10 = 0. Calculate the highest common factor of l and 19.
19
Let j = -6 + 9. Let b = -9581 + 9585. What is the greatest common divisor of b and j?
1
Let y = 264 - 261. Calculate the greatest common factor of 81 and y.
3
Let g = -713310 + 713378. Suppose -5*x + 2906 = -2194. Calculate the greatest common factor of x and g.
68
Suppose c + 30 - 35 = 0. Let d(h) = 124*h + 4. Let i be d(c). Suppose -q - a + 128 = -0*q, -i = -5*q + 3*a. Calculate the highest common divisor of q and 14.
14
Suppose 47 + 13 = 2*c. Let r(v) = v**3 - 13*v**2 + 70*v - 1131. Let l be r(14). Calculate the greatest common factor of l and c.
15
Suppose -69*r = -14980 - 4616. What is the highest common factor of r and 639?
71
Let c = -2 - -10. Let u be ((-1760)/64 - -28)*53*10. Suppose -3*z - u = -c*z. What is the greatest common divisor of z and 371?
53
Suppose 390*h - 380*h - 2860 = 0. What is the highest common factor of h and 52?
26
Suppose -3453 = -2*v - 3*r, 2*v + 939*r - 935*r = 3454. What is the highest common divisor of v and 391?
23
Let m(c) = -c + 1. Let n(t) = 75*t + 155. Let d(a) = 10*m(a) - n(a). Let x be d(-2). Calculate the highest common factor of x and 225.
25
Suppose 2*y = -5*b + 8944, 57*y - 52*y - 22459 = 4*b. What is the highest common factor of y and 7?
7
Let a be (-2496)/15 - 6/(-15). Let c = a - -226. Calculate the greatest common divisor of 30 and c.
30
Suppose -3*l - 466 = -4*l - 5*g, g - 1769 = -4*l. Suppose -l = 88*n - 97*n. What is t